 + (1 - -1) + (30 - 32)?
-3
What is 0 - (-4 - -4) - 2?
-2
Calculate -3 - (0 - (4 - 4 - -2)).
-1
Calculate 8 - (3 + 1) - 5.
-1
What is (0 - (4 + 3)) + 17 - 7?
3
Calculate 7 - 2 - (4 + -6).
7
What is 2 + 6 - (2 - -7 - 3)?
2
14 + -18 + (7 - 0) + -2
1
Evaluate -43 + 26 + 4 - (-6 + -1).
-6
What is 3 - 0 - 0 - (3 + 2)?
-2
What is (12 - 12 - (1 - 2)) + 4?
5
Evaluate (-5 - -1) + (7 - (-4 - -10)).
-3
What is the value of 1 - (1 + -9 + -3 + 8)?
4
Calculate 8 - (12 + 2) - -5.
-1
What is the value of -1 + (1 - 9) + 2 + 2?
-5
What is the value of 9 - ((-10 - -10) + 15)?
-6
Calculate 5 - -1 - ((17 - 18) + 11).
-4
What is 10 - 11 - -13 - 10?
2
0 - -1 - (-4 - 3 - -8)
0
5 - (1 + (-1 - -6))
-1
-2 + -4 - -6 - 0 - -2
2
Calculate 2 - (-8 + 0 - -5) - 1.
4
What is the value of -8 - (6 + 5 + -28)?
9
Calculate 6 + -12 - (-5 + -1) - -1.
1
Evaluate -11 + 1 + 18 + 0.
8
-1 + 0 + (-4 + 4 - -1)
0
Calculate 4 + (2 - (-2 - -4)) - 9.
-5
What is 4 + 1 - (7 + -9)?
7
5 - (12 - (-13 - -22))
2
Evaluate 1 + -4 + 3 + (-4 - 0).
-4
Evaluate 4 + 2 + -5 + 3 + -4.
0
Evaluate 2 + 0 + (-51 - -47).
-2
What is the value of (7 + -1 + -4 - 7) + -1?
-6
Calculate 10 - (11 - 8) - 1.
6
Evaluate 0 + (0 - -4) + 6 + -5.
5
Evaluate 6 + 1 - (50 + -44).
1
Evaluate 1 - (-4 - -2 - 2).
5
Evaluate 1 + -7 + -5 + 2 + 7.
-2
Calculate (2 - (-3 + -3)) + -3 - -3.
8
What is the value of 2 - (3 - -1) - 0?
-2
Evaluate 7 - (4 - (-2 + 3)).
4
What is the value of (1 - -7) + -5 + (-5 - 1)?
-3
Evaluate -8 - (-1 + -2 + -1).
-4
Calculate -10 - (15 + -9 + -13).
-3
What is the value of (-1 - 0) + (7 - 3)?
3
What is (-9 - -4) + (1 - -1)?
-3
What is the value of 1 + -2 + (-1 - -1 - -1)?
0
What is the value of (5 - 14 - -3) + 6?
0
(10 + 4 + -8 - -2) + -7
1
Calculate (-5 - -3) + (0 - -1).
-1
What is the value of 5 + 4 + (5 - (13 + -4))?
5
Calculate 3 + (-4 - -3) - (-2 + 6).
-2
-2 + 0 + 0 - -1
-1
What is -3 - (1 - 5 - (23 + -28))?
-4
Calculate -2 + (12 - 8) + -8.
-6
What is the value of -7 + 23 + -8 + -2?
6
Calculate 6 - 3 - 6 - (-1 - -1).
-3
What is the value of 9 + -8 - (-1 + 5 + -5)?
2
1 + (-15 - (1 + 6 - 14))
-7
What is (3 - 3) + (6 - 4)?
2
What is the value of 7 + 5 - (-19 - -31)?
0
-5 - (-6 - (-17 - -9))
-7
-3 + -5 - (-4 - 0 - 12)
8
What is (3 - 21) + (-20 - -28)?
-10
Calculate (-11 - 8) + 9 - -13.
3
What is the value of -12 - (-7 + -3 - 5)?
3
What is the value of -1 - -5 - (-1 - -6)?
-1
What is the value of -3 - (-10 - (4 - 2))?
9
7 + (-11 - -4) - -1
1
Calculate (-1 - 2) + (1 - 0) + -3.
-5
What is the value of -5 + 1 + 58 + -48 + 0?
6
What is the value of (-2 - -4) + 3 + -3?
2
What is the value of -1 + 6 + 0 + -2 + 1?
4
What is the value of -11 - 0 - (-32 - -25)?
-4
What is the value of 6 + -4 - (6 - (-5 + 4))?
-5
Evaluate -1 + (3 - (4 + -3)).
1
-6 - -1 - (-67 + 72) - -3
-7
What is (4 - 8) + 8 + -2 + 3?
5
What is -4 - (-12 + 3 - -2)?
3
Calculate 0 + -6 - -11 - 1 - 4.
0
Calculate 3 - (-9 + (-3 - -9)).
6
Calculate (4 - (-4 + 8)) + -2 + 3.
1
Evaluate 3 + (4 - 1) - (1 - -2).
3
Evaluate 14 + (4 - 6) + -4 - 4.
4
-3 + (4 - 1) + (-30 - -28)
-2
Evaluate 6 - ((-2 - -1) + 3).
4
What is the value of 0 - -7 - (17 + -14)?
4
Evaluate -5 - ((-3 - 2 - 1) + 2).
-1
2 + (1 - (-1 - 0))
4
-3 - (-11 + 15 - 0)
-7
What is 8 + (-22 - (2 - 9))?
-7
What is -6 + 1 + (-1 - -13)?
7
Calculate 1 + -7 + -1 + (7 - 4).
-4
What is 7 - (2 + (6 - 5))?
4
What is 1 + 0 + -4 + 0?
-3
What is -12 + (8 - -1) + -4 - -2?
-5
Calculate 0 + 4 - (-7 + 9).
2
Evaluate -4 + 3 + (-10 - -6).
-5
Calculate 9 - (-1 + -3 - -8).
5
Calculate 3 + 1 - (2 + 10 + -7).
-1
Calculate -5 + 2 + (18 - 16).
-1
What is 81 - 89 - (-1 + 2)?
-9
Evaluate 19 - 21 - (-3 + 2 + -5).
4
-12 - -10 - (2 + (-3 - -8))
-9
Evaluate (4 - (19 + -7)) + 4 - 6.
-10
What is the value of -3 - (4 + (-1 - 2))?
-4
Calculate 2 + -1 + 3 + 1.
5
What is -6 + (3 - -7 - 2)?
2
Evaluate -4 + -5 + 1 - -1.
-7
Evaluate 9 + (16 - 13) + -16.
-4
Calculate (1 - 2) + -1 + 30 + -31.
-3
What is the value of (-1 - 0) + (80 - 77)?
2
Calculate 6 - 9 - (-1 + -2) - 0.
0
-2 + (-3 - 1 - -1)
-5
What is the value of (0 - (0 - -1 - -5)) + 3?
-3
What is -6 - (-6 + 2) - -7?
5
What is (1 + (-4 - -3) - 3) + -2?
-5
Evaluate (1 - 4 - -1) + 5.
3
4 + 10 + -12 + 6
8
-1 + 0 - (2 + 0)
-3
(4 - -4) + -8 - (5 - 2)
-3
What is 5 - 9 - (-2 - 1)?
-1
What is 1 - (-2 + 2) - (7 + -5)?
-1
What is -10 + (8 - -17) + -7?
8
Evaluate -1 + -9 + 9 - -4.
3
Calculate (-11 - (-12 + 6)) + -2.
-7
What is the value of 2 + -5 + (1 - -1)?
-1
Calculate 3 - (-3 + 2 + 0).
4
What is the value of (8 - -1) + 100 + -109?
0
Evaluate 5 + (0 - (3 + (-2 - -1))).
3
What is the value of 2 + -4 + (-24 - -19)?
-7
-2 - (-17 + 0 + 7)
8
1 - 2 - (2 - (5 - -2))
4
What is -13 - -7 - (-1 - (-3 + 13))?
5
Calculate 7 - 0 - (1 + 1 - -1).
4
-4 - (-5 + -4) - (12 - 13)
6
Calculate 8 + -8 + 3 + -5.
-2
Calculate -2 + 3 + (-2 - -7) + -11.
-5
Evaluate 3 + (-8 - ((-2 - 6) + 4)).
-1
What is the value of 14 - (-5 - -13) - 3?
3
Evaluate 3 + (3 - (3 - -2)).
1
Evaluate -7 - ((-2 - -7) + -3).
-9
What is -166 - -169 - ((-1 - 0) + 0)?
4
What is the value of (-1 - (-7 - 0)) + (175 - 177)?
4
Calculate -5 + -1 - (-2 + -2 + 2).
-4
2 + 3 + -6 + (6 - 7)
-2
What is -10 + (6 - 4) + 5?
-3
What is the value of -2 - (-8 - (-2 - 7))?
-3
6 - (4 - -7) - -3
-2
What is the value of (7 - -2) + -11 + 6 + 0?
4
Calculate 8 + (-7 - -1 - (-27 + 26)).
3
What is the value of (4 - 0) + 3 + -5?
2
0 + 6 + (3 - 12)
-3
Evaluate 10 - (8 - (-5 - -8)).
5
(-3 - -1) + (-11 - -8)
-5
Calculate -4 - ((2 - 7) + 1).
0
What is the value of -3 + 7 + -2 - -2?
4
-4 + 1 - (4 + -2 + 0)
-5
Evaluate -8 + (20 - (11 - 1)).
2
What is the value of (-1 - 3) + (-5 - -9)?
0
Evaluate (-2 - (7 + -2)) + 6.
-1
Evaluate (0 - -3) + 1 - 0.
4
Calculate -6 - 0 - (2 + -11 + 4).
-1
What is the value of (10 - 10) + -8 - (-5 + 1)?
-4
Calculate -2 - ((-3 - -5) + -4).
0
Evaluate 19 + -16 + (3 - 1).
5
Calculate 5 + 1 - (4 - (3 - 1)).
4
Calculate (-3 - 0) + 4 + 9 + -14.
-4
What is 1 - (-2 - (-1 - -5) - -1)?
6
-1 - 5 - (56 + -57)
-5
Evaluate (-4 + 2 - -2) + 6 + -7.
-1
What is -2 + 2 + 7 + -2?
5
Calculate 5 + (0 + 4 - -3) + -5.
7
What is the value of (-7 - -5) + 0 - -3?
1
What is -7 + (-1 - (3 - 9))?
-2
-4 - -1 - (-2 + 3)
-4
What is the value of (-24 - -13 - -11) + 0 + 3?
3
What is 1 + (-4 - 1) + (1 - 1)?
-4
-4 + -7 - (-6 + -11)
6
Evaluate 2 + (6 - 21) + 4 + 8.
-1
What is 13 + -18 - -11 - 12?
-6
Calculate 0 - 7 - (4 + 0 + -4).
-7
0 - (-3 + 5) - -4
2
What is the value of 13 + -17 + (1 - -10) + -12?
-5
What is the value of (0 - -1) + (-4 + 1 - -5)?
3
Calculate -19 + 24 - (5 - 0).
0
What is 3 + (-4 - (2 + 0))?
-3
Calculate (-1 - (-8 + 20)) + 18.
5
Evaluate 10 - ((-11 - -10) + 8).
3
Calculate 2 + (-6 - -2 - -1) + -3.
-4
Calculate -1 + (-5 - -14) - 1.
7
What is -7 - (-12 + (-5 - -10))?
0
What is the value of 2 - (2 - (-5 - -8))?
3
Evaluate -6 + 2 - (0 + -2).
-2
Evaluate 8 - (-3 - -3 - -3).
5
-8 - -4 - (-3 + 4)
-5
Evaluate 0 + 0 + 21 + -25.
-4
What is the value of -1 + -2 + 0 + 1?
-2
Evaluate -7 + 3 + (-2 - (5 + -8)).
-3
-9 - (-9 + 3 - 0)
-3
What is (-16 - -18) + -2 + (2 - 2)?
0
Evaluate 1 - 1 - (2 - 5).
3
What is the value of 1 + 0 - (-4 + 2 + 1)?
2
What is -2 + (7 - (7 + 5))?
-7
What is the value of -1 - (4 - (-2 - -8))?
1
-2 + -1 + 0 - (39 + -42)
0
Calculate 3 - (5 + -9 + (6 - 0)).
1
What is the value of -4 + -9 - (-11 - -4)?
-6
What is the value of -6 - (-1 - (2 + 1))?
-2
What is (-7 - -7) + -2 + -2 - -8?
4
4 + (-9 - -8) - 7
-4
Evaluate 15 - 14 - (-3 - -2 - 0).
2
What is the value of -7 - (-1 - (17 - 4))?
7
0 + -2 - (-1 + 4) - -4
-1
-10 - (-15 + (5 - 5))
5
Evaluate -4 - (6 - (11 + 0)).
1
What is the value of -6 + 3 - 0 - (-3 + 2)?
-2
Calculate (29 - 9 - 4) + -6.
10
What is the value of (5 - 4) + (2 - (-1 - 1))?
5
2 - (3 + (-4 - 0) + 2)
1
What is the value of -4 + (6 - 2) - (3 - 0)?
-3
What is the value of -1 + 2 + 3 + (-6 - 1)?
-3
Evaluate 9 + (-7 - -11) + (-7 - 1).
5
Evaluate 3 - (-1 + 4 - 2).
2
2 - 3 - (7 - 3)
-5
Evaluate (2 - -5) + -3 - -1.
5
Evaluate 2 + (4 - (7 + 0)).
-1
What is -14 - (15 - (-9 + 28))?
-10
Evaluate 6 + -4 - (7 + 0 + -4).
-1
Calculate -6 + 16 + (-4 - 2).
4
Evaluate 0 - (5 - 8 - -1).
2
Calculate (5 - 16) + 0 + 6.
-5
What is the value of 10 + (-4 - -2) + -3?
5
What is -4 + (2 - ((-3 - -1) + -5))?
5
What is the value of (-1 - 3) + 2 + 8 + -3?
3
What is the value of (5 - (7 - -